{"id":897,"date":"2019-12-11T08:45:54","date_gmt":"2019-12-11T07:45:54","guid":{"rendered":"https:\/\/midas.uniba.sk\/?page_id=897"},"modified":"2025-09-17T17:09:03","modified_gmt":"2025-09-17T15:09:03","slug":"duch-obraz","status":"publish","type":"page","link":"https:\/\/midas.uniba.sk\/?page_id=897","title":{"rendered":"Duch Obraz"},"content":{"rendered":"\t\t<div data-elementor-type=\"wp-page\" data-elementor-id=\"897\" class=\"elementor elementor-897\">\n\t\t\t\t\t\t<header class=\"elementor-section elementor-top-section elementor-element elementor-element-39db2b28 elementor-section-height-min-height elementor-section-items-top elementor-section-content-middle elementor-section-boxed elementor-section-height-default\" data-id=\"39db2b28\" data-element_type=\"section\" data-e-type=\"section\" data-settings=\"{&quot;background_background&quot;:&quot;classic&quot;,&quot;shape_divider_top&quot;:&quot;curve-asymmetrical&quot;,&quot;shape_divider_bottom&quot;:&quot;curve-asymmetrical&quot;,&quot;shape_divider_bottom_negative&quot;:&quot;yes&quot;}\">\n\t\t\t\t\t<div class=\"elementor-shape elementor-shape-top\" aria-hidden=\"true\" data-negative=\"false\">\n\t\t\t<svg xmlns=\"http:\/\/www.w3.org\/2000\/svg\" viewBox=\"0 0 1000 100\" preserveAspectRatio=\"none\">\n\t<path class=\"elementor-shape-fill\" d=\"M0,0c0,0,0,6,0,6.7c0,18,240.2,93.6,615.2,92.6C989.8,98.5,1000,25,1000,6.7c0-0.7,0-6.7,0-6.7H0z\"\/>\n<\/svg>\t\t<\/div>\n\t\t\t\t<div class=\"elementor-shape elementor-shape-bottom\" aria-hidden=\"true\" data-negative=\"true\">\n\t\t\t<svg xmlns=\"http:\/\/www.w3.org\/2000\/svg\" viewBox=\"0 0 1000 100\" preserveAspectRatio=\"none\">\n\t<path class=\"elementor-shape-fill\" d=\"M615.2,96.7C240.2,97.8,0,18.9,0,0v100h1000V0C1000,19.2,989.8,96,615.2,96.7z\"\/>\n<\/svg>\t\t<\/div>\n\t\t\t\t\t<div class=\"elementor-container elementor-column-gap-no\">\n\t\t\t\t\t<div class=\"elementor-column elementor-col-100 elementor-top-column elementor-element elementor-element-2c25c057\" data-id=\"2c25c057\" data-element_type=\"column\" data-e-type=\"column\">\n\t\t\t<div class=\"elementor-widget-wrap elementor-element-populated\">\n\t\t\t\t\t\t<div class=\"elementor-element elementor-element-622e223f elementor-widget__width-inherit elementor-widget-tablet__width-inherit elementor-widget-mobile__width-initial elementor-widget elementor-widget-heading\" data-id=\"622e223f\" data-element_type=\"widget\" data-e-type=\"widget\" data-widget_type=\"heading.default\">\n\t\t\t\t<div class=\"elementor-widget-container\">\n\t\t\t\t\t<h1 class=\"elementor-heading-title elementor-size-default\">Plagi\u00e1torstvo<\/h1>\t\t\t\t<\/div>\n\t\t\t\t<\/div>\n\t\t\t\t\t<\/div>\n\t\t<\/div>\n\t\t\t\t\t<\/div>\n\t\t<\/header>\n\t\t\t\t<section class=\"elementor-section elementor-top-section elementor-element elementor-element-15184c64 elementor-section-content-middle elementor-section-boxed elementor-section-height-default elementor-section-height-default\" data-id=\"15184c64\" data-element_type=\"section\" data-e-type=\"section\">\n\t\t\t\t\t\t<div class=\"elementor-container elementor-column-gap-no\">\n\t\t\t\t\t<div class=\"elementor-column elementor-col-100 elementor-top-column elementor-element elementor-element-6e3d8390\" data-id=\"6e3d8390\" data-element_type=\"column\" data-e-type=\"column\" data-settings=\"{&quot;background_background&quot;:&quot;classic&quot;}\">\n\t\t\t<div class=\"elementor-widget-wrap elementor-element-populated\">\n\t\t\t\t\t\t<div class=\"elementor-element elementor-element-4f4b92e4 elementor-widget__width-inherit elementor-widget-tablet__width-inherit elementor-widget-mobile__width-initial elementor-widget elementor-widget-hfe-breadcrumbs-widget\" data-id=\"4f4b92e4\" data-element_type=\"widget\" data-e-type=\"widget\" data-widget_type=\"hfe-breadcrumbs-widget.default\">\n\t\t\t\t<div class=\"elementor-widget-container\">\n\t\t\t\t\t<nav aria-label=\"Breadcrumb\"><ul class=\"hfe-breadcrumbs hfe-breadcrumbs-show-home\"><li class=\"hfe-breadcrumbs-item hfe-breadcrumbs-first\"><span class=\"hfe-breadcrumbs-home-icon\"><i aria-hidden=\"true\" class=\"fas fa-home\"><\/i><\/span><a href=\"https:\/\/midas.uniba.sk\"><span class=\"hfe-breadcrumbs-text\">Domov<\/span><\/a><\/li><\/ul><\/nav>\t\t\t\t<\/div>\n\t\t\t\t<\/div>\n\t\t\t\t\t<\/div>\n\t\t<\/div>\n\t\t\t\t\t<\/div>\n\t\t<\/section>\n\t\t\t\t<section class=\"elementor-section elementor-top-section elementor-element elementor-element-2a81c619 elementor-section-content-middle elementor-section-boxed elementor-section-height-default elementor-section-height-default\" data-id=\"2a81c619\" data-element_type=\"section\" data-e-type=\"section\">\n\t\t\t\t\t\t<div class=\"elementor-container elementor-column-gap-no\">\n\t\t\t\t\t<div class=\"elementor-column elementor-col-100 elementor-top-column elementor-element elementor-element-141e9904\" data-id=\"141e9904\" data-element_type=\"column\" data-e-type=\"column\">\n\t\t\t<div class=\"elementor-widget-wrap elementor-element-populated\">\n\t\t\t\t\t\t<div class=\"elementor-element elementor-element-7ed8c644 elementor-align-left elementor-widget__width-inherit elementor-widget-tablet__width-inherit elementor-widget-mobile__width-initial elementor-widget elementor-widget-button\" data-id=\"7ed8c644\" data-element_type=\"widget\" data-e-type=\"widget\" data-widget_type=\"button.default\">\n\t\t\t\t<div class=\"elementor-widget-container\">\n\t\t\t\t\t\t\t\t\t<div class=\"elementor-button-wrapper\">\n\t\t\t\t\t<a class=\"elementor-button elementor-button-link elementor-size-sm\" href=\"https:\/\/midas.uniba.sk\/?page_id=752\">\n\t\t\t\t\t\t<span class=\"elementor-button-content-wrapper\">\n\t\t\t\t\t\t<span class=\"elementor-button-icon\">\n\t\t\t\t<i aria-hidden=\"true\" class=\"fas fa-arrow-left\"><\/i>\t\t\t<\/span>\n\t\t\t\t\t\t\t\t\t<span class=\"elementor-button-text\">N\u00e1vrat na Typol\u00f3giu<\/span>\n\t\t\t\t\t<\/span>\n\t\t\t\t\t<\/a>\n\t\t\t\t<\/div>\n\t\t\t\t\t\t\t\t<\/div>\n\t\t\t\t<\/div>\n\t\t\t\t\t<\/div>\n\t\t<\/div>\n\t\t\t\t\t<\/div>\n\t\t<\/section>\n\t\t\t\t<section class=\"elementor-section elementor-top-section elementor-element elementor-element-e9d30b1 elementor-section-content-middle elementor-section-boxed elementor-section-height-default elementor-section-height-default\" data-id=\"e9d30b1\" data-element_type=\"section\" data-e-type=\"section\">\n\t\t\t\t\t\t<div class=\"elementor-container elementor-column-gap-no\">\n\t\t\t\t\t<div class=\"elementor-column elementor-col-100 elementor-top-column elementor-element elementor-element-136ab0b5\" data-id=\"136ab0b5\" data-element_type=\"column\" data-e-type=\"column\">\n\t\t\t<div class=\"elementor-widget-wrap elementor-element-populated\">\n\t\t\t\t\t\t<div class=\"elementor-element elementor-element-716eccba elementor-hidden-tablet elementor-hidden-mobile elementor-widget__width-inherit elementor-widget-divider--view-line elementor-widget elementor-widget-divider\" data-id=\"716eccba\" data-element_type=\"widget\" data-e-type=\"widget\" data-widget_type=\"divider.default\">\n\t\t\t\t<div class=\"elementor-widget-container\">\n\t\t\t\t\t\t\t<div class=\"elementor-divider\">\n\t\t\t<span class=\"elementor-divider-separator\">\n\t\t\t\t\t\t<\/span>\n\t\t<\/div>\n\t\t\t\t\t\t<\/div>\n\t\t\t\t<\/div>\n\t\t\t\t<div class=\"elementor-element elementor-element-93d9fe6 elementor-widget-mobile__width-initial elementor-widget__width-inherit elementor-widget-tablet__width-inherit elementor-widget elementor-widget-heading\" data-id=\"93d9fe6\" data-element_type=\"widget\" data-e-type=\"widget\" data-widget_type=\"heading.default\">\n\t\t\t\t<div class=\"elementor-widget-container\">\n\t\t\t\t\t<h2 class=\"elementor-heading-title elementor-size-default\">Duch obraz<\/h2>\t\t\t\t<\/div>\n\t\t\t\t<\/div>\n\t\t\t\t<div class=\"elementor-element elementor-element-02ea651 elementor-position-left elementor-widget-mobile__width-initial elementor-widget__width-inherit elementor-widget-tablet__width-inherit elementor-vertical-align-top elementor-widget elementor-widget-image-box\" data-id=\"02ea651\" data-element_type=\"widget\" data-e-type=\"widget\" data-widget_type=\"image-box.default\">\n\t\t\t\t<div class=\"elementor-widget-container\">\n\t\t\t\t\t<div class=\"elementor-image-box-wrapper\"><figure class=\"elementor-image-box-img\"><img fetchpriority=\"high\" decoding=\"async\" width=\"1000\" height=\"720\" src=\"https:\/\/midas.uniba.sk\/wp-content\/uploads\/2019\/12\/Duch-1000x720.gif\" class=\"attachment-full size-full wp-image-900\" alt=\"Monitor po\u010d\u00edta\u010da, na obrazovke ktor\u00e9ho je uveden\u00fd n\u00e1pis Zdroj origin\u00e1lnej pr\u00e1ce dostupn\u00fd na: www.vymyslen\u00fd-zdroj.sk, po kliknut\u00ed na odkaz sa zobraz\u00ed \u010derven\u00fd v\u00fdkri\u010dn\u00edk a n\u00e1pis 404 - chyba, z monitora vyst\u00fapi postavi\u010dka ducha, ktor\u00e1 symbolizuje plagi\u00e1t typu duch.\" \/><\/figure><div class=\"elementor-image-box-content\"><p class=\"elementor-image-box-description\"><span style=\"color: #000000\">Formu plagi\u00e1torstva typu <strong>duch<\/strong> m\u00f4\u017eeme determinova\u0165 ako <em>\u201enap\u00edsan\u00fd text, ktor\u00fd zah\u0155\u0148a cit\u00e1cie na neexistuj\u00face alebo nepresn\u00e9 inform\u00e1cie o&nbsp;zdrojoch\u201c<\/em> (Phillips 2018).<\/span><br><br><span style=\"color: #000000\">Plagi\u00e1t typu <strong>duch<\/strong> \u013eudia vyu\u017e\u00edvaj\u00fa najm\u00e4 vtedy, ke\u010f chc\u00fa svojej pr\u00e1ci prida\u0165 na jej hodnote, <strong>kredibilite<\/strong>. Tento \u010din je v\u0161ak nie len nemor\u00e1lny, no taktie\u017e zav\u00e1dzaj\u00faci. Okrem toho, \u017ee \u010ditate\u013ea tak\u00fdto typ plagi\u00e1tu klame o\u00a0\u010dase, ktor\u00fd autor do textu \u00fadajne vlo\u017eil, taktie\u017e \u010ditate\u013ea klame a <strong>\u0161\u00edri dezinform\u00e1cie<\/strong>, ktor\u00e9, pod\u013ea chybne uveden\u00fdch zdrojov, in\u00fd autor nikdy nepovedal alebo nezistil (Newbold 2016). T\u00e1to forma plagi\u00e1tu sa vyskytuje vtedy, ke\u010f \u0161tudenti chc\u00fa u\u0161etri\u0165 \u010das, pri\u010dom sa im nechce \u010d\u00edta\u0165 niektor\u00e9 materi\u00e1ly a zis\u0165ova\u0165, kto dan\u00e9 inform\u00e1cie naozaj povedal. Tak\u00fdto druh plagi\u00e1torstva sa m\u00f4\u017ee vyskytn\u00fa\u0165 aj nechcene, ke\u010f si sprav\u00edme zl\u00e9 pozn\u00e1mky, neover\u00edme spr\u00e1vnos\u0165 inform\u00e1ci\u00ed, \u010di plne nerozumieme pravidl\u00e1m a\u00a0met\u00f3dam citovania (Webster Univerzity 2018).<\/span><br><br><span style=\"color: #000000;font-size: 16px\">Anglick\u00e9 pomenovanie typu plagi\u00e1torstva duch je <\/span><strong style=\"color: #000000;font-size: 16px\">404 Error<\/strong><span style=\"color: #000000;font-size: 16px\">, \u010do je <\/span><em style=\"color: #000000;font-size: 16px\">\u201eodvoden\u00e9 z\u00a0chybnej spr\u00e1vy, ktor\u00e1 sa objav\u00ed, ke\u010f sa niekto pok\u00fasi o\u00a0pr\u00edstup na neplatn\u00fd alebo nedostupn\u00fd online zdroj\u201c<\/em><span style=\"color: #000000;font-size: 16px\"> (Ayton 2016). Pomenovanie <\/span><strong style=\"color: #000000;font-size: 16px\">duch<\/strong><span style=\"color: #000000;font-size: 16px\"> zasa preto, lebo odkazuj\u00face zdroje v\u00a0pr\u00e1ci s\u00fa v\u00e1gne, nehmatate\u013en\u00e9 a\u00a0\u010dasto nevidite\u013en\u00e9 presne ako duch.<\/span><\/p><\/div><\/div>\t\t\t\t<\/div>\n\t\t\t\t<\/div>\n\t\t\t\t<div class=\"elementor-element elementor-element-aab4382 elementor-widget-mobile__width-initial elementor-widget__width-inherit elementor-widget-tablet__width-inherit elementor-widget elementor-widget-heading\" data-id=\"aab4382\" data-element_type=\"widget\" data-e-type=\"widget\" data-widget_type=\"heading.default\">\n\t\t\t\t<div class=\"elementor-widget-container\">\n\t\t\t\t\t<h2 class=\"elementor-heading-title elementor-size-default\">Pr\u00edklad<\/h2>\t\t\t\t<\/div>\n\t\t\t\t<\/div>\n\t\t\t\t<div class=\"elementor-element elementor-element-e6808f2 elementor-widget__width-inherit elementor-widget-tablet__width-inherit elementor-widget-mobile__width-initial elementor-widget elementor-widget-image\" data-id=\"e6808f2\" data-element_type=\"widget\" data-e-type=\"widget\" data-widget_type=\"image.default\">\n\t\t\t\t<div class=\"elementor-widget-container\">\n\t\t\t\t\t\t\t\t\t\t\t\t\t\t\t<img decoding=\"async\" width=\"1024\" height=\"576\" src=\"https:\/\/midas.uniba.sk\/wp-content\/uploads\/2019\/12\/Duch-text_priklad.gif\" class=\"attachment-large size-large wp-image-1001\" alt=\"Americk\u00fd term\u00edn (dezinform\u00e1cia: p\u00f4vodne ide o anglick\u00fd term\u00edn) multitasking sa v rovnakom znen\u00ed udom\u00e1cnil aj v sloven\u010dine (Bannister a Remeny 2009 - uveden\u00ed autori t\u00fato my\u0161lienku nikdy nepovedali, teda ide o lo\u017e). Jeho za\u010diatky sa sp\u00e1jaj\u00fa s v\u00fdpo\u010dtovo-komunika\u010dnou technikou, kde ozna\u010duje schopnos\u0165 procesora realizova\u0165 nieko\u013eko oper\u00e1ci\u00ed naraz (Vymyslen\u00fd 2010 - uveden\u00fd zdroj je vymyslen\u00fd, veta je plagiarizovan\u00e1, p\u00f4vodn\u00e1 my\u0161lienka patr\u00ed autorom \u0160koda a Doul\u00edk 2011, s. 175, cit. pod\u013ea Hrdin\u00e1kov\u00e1 a Rankov 2013). Multitasking mo\u017eno v\u0161eobecne vysvetli\u0165 ako \u00fa\u010das\u0165, teda particip\u00e1ciu na 2 \u010di viacer\u00fdch procesoch naraz (Hrdin\u00e1kov\u00e1 2013 - ne\u00fapln\u00e1 cit\u00e1cia, autormi my\u0161lienok s\u00fa Hrdin\u00e1kov\u00e1 a Rankov 2013).\" \/>\t\t\t\t\t\t\t\t\t\t\t\t\t\t\t<\/div>\n\t\t\t\t<\/div>\n\t\t\t\t<div class=\"elementor-element elementor-element-05fcbe5 elementor-widget__width-inherit elementor-widget-tablet__width-inherit elementor-widget-mobile__width-initial elementor-widget elementor-widget-text-editor\" data-id=\"05fcbe5\" data-element_type=\"widget\" data-e-type=\"widget\" data-widget_type=\"text-editor.default\">\n\t\t\t\t<div class=\"elementor-widget-container\">\n\t\t\t\t\t\t\t\t\t<p><span style=\"color: #000000;\"><strong>BIBLIOGRAFIA<\/strong><\/span><\/p><p>AYTON, K., 2016. Top Ten Most Popular Types of Plagiarism. In: <em>PlagiarismSearch.com<\/em> [online]. 2016 [cit. 2019-01-12]. Dostupn\u00e9 na: <a title=\"[extern\u00fd odkaz, nov\u00e9 okno]\" href=\"https:\/\/plagiarismsearch.com\/blog\/top-ten-most-popular-types-of-plagiarism.html\" target=\"_blank\" rel=\"noopener\"><span style=\"text-decoration: underline;\">https:\/\/plagiarismsearch.com\/blog\/top-ten-most-popular-types-of-plagiarism.html<\/span><\/a><\/p><p>PHILLIPS, V., 2018. Types of Plagiarism &amp; Academic Cheating. In: <em>geteducated.com<\/em> [online]. \u00a9 2018 [cit. 2019-01-12]. Dostupn\u00e9 na: <a title=\"[extern\u00fd odkaz, nov\u00e9 okno]\" href=\"https:\/\/www.geteducated.com\/elearning-education-blog\/10-types-of-plagiarism-and-academic-cheating\/\" target=\"_blank\" rel=\"noopener\"><span style=\"text-decoration: underline;\">https:\/\/www.geteducated.com\/elearning-education-blog\/10-types-of-plagiarism-and-academic-cheating\/<\/span><\/a><\/p><p>Webster University, 2018. <em>Understanding Plagiarism<\/em> [online]. 2018 [cit. 2019-01-12]. Dostupn\u00e9 na: <a title=\"[extern\u00fd odkaz, nov\u00e9 okno]\" href=\"http:\/\/www.webster.edu\/academic-resource-center\/plagiarism_prevention\/understanding_plagiarism.html#understanding_top\" target=\"_blank\" rel=\"noopener\"><span style=\"text-decoration: underline;\">http:\/\/www.webster.edu\/academic-resource-center\/plagiarism_prevention\/understanding_plagiarism.html#understanding_top<\/span><\/a><\/p><p>NEWBOLD, C., 2016. <em>The Thirteen Types of Plagiarism: In order of how serous the offense<\/em> [online]. 2016 [cit. 2019-01-12]. Dostupn\u00e9 na: <a title=\"[extern\u00fd odkaz, nov\u00e9 okno]\" href=\"https:\/\/thevisualcommunicationguy.com\/2016\/08\/31\/the-thirteen-types-of-plagiarism\/\" target=\"_blank\" rel=\"noopener\"><span style=\"text-decoration: underline;\">https:\/\/thevisualcommunicationguy.com\/2016\/08\/31\/the-thirteen-types-of-plagiarism\/<\/span><\/a><\/p><p><span style=\"font-size: 16px;\">HRDIN\u00c1KOV\u00c1, \u013d. A\u00a0P. RANKOV, 2013. MEDI\u00c1LNY MULTITAKSING Media Multitasking. In: <\/span><em style=\"font-size: 16px;\">ITlib<\/em><span style=\"font-size: 16px;\"> [online]. Bratislava: Centrum vedecko-technick\u00fdch inform\u00e1ci\u00ed SR, 2013, <\/span><strong style=\"font-size: 16px;\">2<\/strong><span style=\"font-size: 16px;\">\/2013 [cit. 2019-01-12]. ISSN 1336-0779. Dostupn\u00e9 na: <\/span><a title=\"[extern\u00fd odkaz, nov\u00e9 okno]\" href=\"http:\/\/itlib.cvtisr.sk\/archiv\/2013\/2\/medialny-multitasking-media-multitasking.html?page_id=2480\" target=\"_blank\" rel=\"noopener\"><span style=\"text-decoration: underline;\">http:\/\/itlib.cvtisr.sk\/archiv\/2013\/2\/medialny-multitasking-media-multitasking.html?page_id=2480<\/span><\/a><\/p>\t\t\t\t\t\t\t\t<\/div>\n\t\t\t\t<\/div>\n\t\t\t\t\t<\/div>\n\t\t<\/div>\n\t\t\t\t\t<\/div>\n\t\t<\/section>\n\t\t\t\t<\/div>\n\t\t","protected":false},"excerpt":{"rendered":"<p>Plagi\u00e1torstvo Domov N\u00e1vrat na Typol\u00f3giu Duch obraz Formu plagi\u00e1torstva typu duch m\u00f4\u017eeme determinova\u0165 ako \u201enap\u00edsan\u00fd text, ktor\u00fd zah\u0155\u0148a cit\u00e1cie na neexistuj\u00face alebo nepresn\u00e9 inform\u00e1cie o&nbsp;zdrojoch\u201c (Phillips 2018). Plagi\u00e1t typu duch \u013eudia vyu\u017e\u00edvaj\u00fa najm\u00e4 vtedy, ke\u010f chc\u00fa svojej pr\u00e1ci prida\u0165 na jej hodnote, kredibilite. Tento \u010din je v\u0161ak nie len nemor\u00e1lny, no taktie\u017e zav\u00e1dzaj\u00faci. Okrem toho,&#8230;<\/p>\n","protected":false},"author":1,"featured_media":0,"parent":752,"menu_order":0,"comment_status":"closed","ping_status":"closed","template":"","meta":{"_kad_post_transparent":"","_kad_post_title":"","_kad_post_layout":"","_kad_post_sidebar_id":"","_kad_post_content_style":"","_kad_post_vertical_padding":"","_kad_post_feature":"","_kad_post_feature_position":"","_kad_post_header":false,"_kad_post_footer":false,"_kad_post_classname":"","footnotes":""},"class_list":["post-897","page","type-page","status-publish","hentry"],"_links":{"self":[{"href":"https:\/\/midas.uniba.sk\/index.php?rest_route=\/wp\/v2\/pages\/897","targetHints":{"allow":["GET"]}}],"collection":[{"href":"https:\/\/midas.uniba.sk\/index.php?rest_route=\/wp\/v2\/pages"}],"about":[{"href":"https:\/\/midas.uniba.sk\/index.php?rest_route=\/wp\/v2\/types\/page"}],"author":[{"embeddable":true,"href":"https:\/\/midas.uniba.sk\/index.php?rest_route=\/wp\/v2\/users\/1"}],"replies":[{"embeddable":true,"href":"https:\/\/midas.uniba.sk\/index.php?rest_route=%2Fwp%2Fv2%2Fcomments&post=897"}],"version-history":[{"count":79,"href":"https:\/\/midas.uniba.sk\/index.php?rest_route=\/wp\/v2\/pages\/897\/revisions"}],"predecessor-version":[{"id":4819,"href":"https:\/\/midas.uniba.sk\/index.php?rest_route=\/wp\/v2\/pages\/897\/revisions\/4819"}],"up":[{"embeddable":true,"href":"https:\/\/midas.uniba.sk\/index.php?rest_route=\/wp\/v2\/pages\/752"}],"wp:attachment":[{"href":"https:\/\/midas.uniba.sk\/index.php?rest_route=%2Fwp%2Fv2%2Fmedia&parent=897"}],"curies":[{"name":"wp","href":"https:\/\/api.w.org\/{rel}","templated":true}]}}